t is the ten millions digit of 1254796223?
5
What is the hundreds digit of 244361064?
0
What is the hundred millions digit of 720984929?
7
What is the hundreds digit of 331308176?
1
What is the thousands digit of 34868341?
8
What is the hundred thousands digit of 94586804?
5
What is the hundreds digit of 1120280575?
5
What is the millions digit of 345154658?
5
What is the hundred thousands digit of 555930480?
9
What is the hundreds digit of 110019036?
0
What is the hundreds digit of 3856155?
1
What is the units digit of 38762064?
4
What is the tens digit of 27322115?
1
What is the tens digit of 18671916?
1
What is the ten thousands digit of 78827666?
2
What is the tens digit of 46871831?
3
What is the units digit of 41034854?
4
What is the tens digit of 3167596254?
5
What is the ten thousands digit of 512777401?
7
What is the millions digit of 3002349949?
2
What is the ten millions digit of 11348079?
1
What is the hundred millions digit of 267674732?
2
What is the ten thousands digit of 13846712?
4
What is the thousands digit of 985571193?
1
What is the units digit of 584490777?
7
What is the hundred millions digit of 570073705?
5
What is the ten millions digit of 2298685784?
9
What is the ten millions digit of 15054888?
1
What is the tens digit of 7352665672?
7
What is the ten millions digit of 29508261?
2
What is the ten thousands digit of 4408526565?
2
What is the hundreds digit of 3571703900?
9
What is the ten thousands digit of 1212723142?
2
What is the tens digit of 5583622301?
0
What is the thousands digit of 402622706?
2
What is the hundred millions digit of 1598330115?
5
What is the hundreds digit of 506869517?
5
What is the units digit of 24985607?
7
What is the units digit of 3913462?
2
What is the hundred thousands digit of 21187340?
1
What is the units digit of 95090149?
9
What is the thousands digit of 464673240?
3
What is the millions digit of 518108372?
8
What is the units digit of 201757479?
9
What is the billions digit of 3975304387?
3
What is the units digit of 542381034?
4
What is the units digit of 1768328530?
0
What is the ten millions digit of 201014484?
0
What is the tens digit of 83114675?
7
What is the hundred thousands digit of 71809378?
8
What is the thousands digit of 26538126?
8
What is the hundred thousands digit of 121208112?
2
What is the ten thousands digit of 100195902?
9
What is the millions digit of 2022724436?
2
What is the hundred thousands digit of 33411738?
4
What is the hundreds digit of 156630357?
3
What is the ten thousands digit of 65123930?
2
What is the units digit of 88300226?
6
What is the hundred thousands digit of 174793553?
7
What is the units digit of 6961644482?
2
What is the ten millions digit of 4119117606?
1
What is the tens digit of 104977436?
3
What is the units digit of 114841280?
0
What is the ten thousands digit of 29523415?
2
What is the units digit of 57857386?
6
What is the units digit of 5635346139?
9
What is the ten thousands digit of 9052136?
5
What is the units digit of 49164166?
6
What is the millions digit of 410486929?
0
What is the ten millions digit of 6934481795?
3
What is the tens digit of 1810539?
3
What is the hundred thousands digit of 3509389584?
3
What is the ten thousands digit of 18174519?
7
What is the units digit of 44926001?
1
What is the hundred millions digit of 2230045191?
2
What is the thousands digit of 3109623?
9
What is the hundred thousands digit of 98561054?
5
What is the hundred thousands digit of 53240744?
2
What is the ten millions digit of 48384679?
4
What is the hundreds digit of 558889775?
7
What is the billions digit of 1618026258?
1
What is the units digit of 53796307?
7
What is the hundred thousands digit of 259854083?
8
What is the ten thousands digit of 1343274033?
7
What is the tens digit of 126996971?
7
What is the hundreds digit of 222688328?
3
What is the millions digit of 125848725?
5
What is the ten thousands digit of 144299900?
9
What is the ten millions digit of 576769359?
7
What is the hundred millions digit of 551742556?
5
What is the ten thousands digit of 3219789222?
8
What is the thousands digit of 2150428014?
8
What is the hundred thousands digit of 233009427?
0
What is the millions digit of 34224113?
4
What is the hundreds digit of 263260627?
6
What is the tens digit of 314593444?
4
What is the hundreds digit of 499930998?
9
What is the ten millions digit of 11091645?
1
What is the millions digit of 601038974?
1
What is the hundreds digit of 177119172?
1
What is the hundred thousands digit of 75620791?
6
What is the tens digit of 4059202477?
7
What is the billions digit of 1533549458?
1
What is the hundred millions digit of 312040532?
3
What is the millions digit of 425093432?
5
What is the hundred millions digit of 299459800?
2
What is the hundreds digit of 7376568826?
8
What is the ten thousands digit of 104556230?
5
What is the tens digit of 74712844?
4
What is the hundred thousands digit of 1643036?
6
What is the millions digit of 564868812?
4
What is the ten millions digit of 1316960990?
1
What is the thousands digit of 29432099?
2
What is the tens digit of 213014672?
7
What is the hundred millions digit of 207552952?
2
What is the units digit of 422651906?
6
What is the tens digit of 594320218?
1
What is the hundred millions digit of 331647602?
3
What is the thousands digit of 5550479304?
9
What is the tens digit of 846619009?
0
What is the thousands digit of 49468309?
8
What is the millions digit of 49971776?
9
What is the ten millions digit of 73892410?
7
What is the tens digit of 2134791868?
6
What is the hundred thousands digit of 120384355?
3
What is the millions digit of 122937440?
2
What is the ten millions digit of 33918041?
3
What is the thousands digit of 50373767?
3
What is the ten millions digit of 65498501?
6
What is the ten thousands digit of 72590348?
9
What is the ten thousands digit of 1492820504?
2
What is the hundred millions digit of 792973203?
7
What is the hundreds digit of 276909527?
5
What is the thousands digit of 124921214?
1
What is the tens digit of 2270485?
8
What is the units digit of 3537538843?
3
What is the hundreds digit of 71134460?
4
What is the thousands digit of 185142061?
2
What is the ten thousands digit of 4627429?
2
What is the millions digit of 5779754?
5
What is the ten thousands digit of 749553483?
5
What is the ten thousands digit of 3530070568?
7
What is the millions digit of 1298089116?
8
What is the hundreds digit of 493617405?
4
What is the ten thousands digit of 38228722?
2
What is the tens digit of 109398666?
6
What is the millions digit of 53024147?
3
What is the ten millions digit of 3091771265?
9
What is the millions digit of 5274288230?
4
What is the millions digit of 3102182483?
2
What is the tens digit of 194267314?
1
What is the millions digit of 1726929451?
6
What is the millions digit of 109063864?
9
What is the units digit of 30898940?
0
What is the tens digit of 14867094?
9
What is the hundred millions digit of 727506034?
7
What is the ten thousands digit of 482828901?
2
What is the units digit of 2101292630?
0
What is the tens digit of 211917747?
4
What is the ten millions digit of 109870986?
0
What is the hundred thousands digit of 649532131?
5
What is the thousands digit of 67186610?
6
What is the ten thousands digit of 1649897119?
9
What is the hundred millions digit of 144443388?
1
What is the ten thousands digit of 477236710?
3
What is the ten millions digit of 87646338?
8
What is the hundreds digit of 239187634?
6
What is the tens digit of 349987327?
2
What is the hundreds digit of 1483427941?
9
What is the hundreds digit of 1263554479?
4
What is the ten thousands digit of 5895026782?
2
What is the ten thousands digit of 1032331267?
3
What is the tens digit of 58193920?
2
What is the millions digit of 516107936?
6
What is the tens digit of 472142?
4
What is the tens digit of 857210961?
6
What is the tens digit of 63084645?
4
What is the hundred thousands digit of 933272731?
2
What is the hundreds digit of 37051698?
6
What is the ten millions digit of 277056677?
7
What is the billions digit of 1145899256?
1
What is the tens digit of 2793069474?
7
What is the thousands digit of 3234033?
4
What is the hundreds digit of 50799551?
5
What is the hundr